 is -34 - 12?
-46
In base 9, what is -5 - -1116?
1111
In base 6, what is 25 + 114?
143
In base 4, what is -1012033 + -1?
-1012100
In base 8, what is -160 - 3?
-163
In base 14, what is -7c + 5?
-77
In base 12, what is 2 + -29?
-27
In base 2, what is 1110 + -110100?
-100110
In base 10, what is -32 - -52?
20
In base 2, what is -101011 + -11?
-101110
In base 7, what is -6 - -1001?
662
In base 10, what is 7 - 30?
-23
In base 9, what is 261 + 41?
312
In base 8, what is 12 + -40?
-26
In base 3, what is 11 + -2000111?
-2000100
In base 7, what is -442 - 100?
-542
In base 5, what is -11103 - -10?
-11043
In base 13, what is 0 - 3c3?
-3c3
In base 6, what is 235 - -11?
250
In base 14, what is -b + -212?
-21d
In base 6, what is -25424 + -4?
-25432
In base 10, what is 36 + 3?
39
In base 7, what is 650 + -42?
605
In base 8, what is -446 + 0?
-446
In base 9, what is 2 - -136?
138
In base 4, what is 0 + -132?
-132
In base 13, what is 6b - b3?
-45
In base 4, what is -12 - -1003?
331
In base 8, what is -143 + 0?
-143
In base 4, what is -11 + -12013?
-12030
In base 6, what is -5 + 40001?
35552
In base 4, what is 2 - -2111?
2113
In base 6, what is 1200 - 5?
1151
In base 3, what is 1022 + -102021?
-100222
In base 3, what is -111 - 10?
-121
In base 8, what is 13 - -424?
437
In base 14, what is -13 - c?
-21
In base 4, what is 1130 - 102?
1022
In base 12, what is -2 + 5?
3
In base 6, what is -1312 + -21?
-1333
In base 8, what is 0 - -2441?
2441
In base 6, what is 23051 - 2?
23045
In base 4, what is 11 - -22?
33
In base 4, what is 0 + 110?
110
In base 10, what is -2 + -10?
-12
In base 7, what is 406 + -5?
401
In base 4, what is 30012 - 13?
23333
In base 12, what is 0 - -930?
930
In base 15, what is -239 + -3?
-23c
In base 9, what is -34 - -6?
-27
In base 8, what is 5 - 6?
-1
In base 15, what is -8e - 1?
-90
In base 14, what is 28 + -7?
21
In base 10, what is -8 + -1077?
-1085
In base 2, what is 10100100010001 + 100?
10100100010101
In base 8, what is 5 - -2765?
2772
In base 12, what is 5 - -3a?
43
In base 10, what is 7 + 20?
27
In base 11, what is -1 + -126?
-127
In base 8, what is -1 - 106?
-107
In base 13, what is 4a2 + 15?
4b7
In base 9, what is 5 + 3262?
3267
In base 3, what is -2 + -12121?
-12200
In base 3, what is 2 - -1100?
1102
In base 6, what is 2 - -30?
32
In base 11, what is -3 + -250?
-253
In base 14, what is -5 - -1787?
1782
In base 8, what is -375 + 4?
-371
In base 4, what is -133 + 2203?
2010
In base 12, what is a - -5?
13
In base 15, what is -577 + 5?
-572
In base 16, what is e - 113?
-105
In base 5, what is -4301 + 0?
-4301
In base 10, what is 155 - -10?
165
In base 12, what is 326 - 2?
324
In base 10, what is -1 + 68?
67
In base 12, what is 3 + 6b?
72
In base 16, what is 5 + 3bf?
3c4
In base 9, what is 1418 - 7?
1411
In base 13, what is -19 - -3?
-16
In base 13, what is -5 + 159?
154
In base 9, what is 3 - -2836?
2840
In base 10, what is 24 - 44?
-20
In base 4, what is 3 - 1021?
-1012
In base 12, what is -1343 - -1?
-1342
In base 12, what is 4 + -21b?
-217
In base 16, what is -2 + f10?
f0e
In base 4, what is 320 + 100?
1020
In base 3, what is 2221 - -11120?
21111
In base 8, what is 3 - 214?
-211
In base 12, what is 5 - 6?
-1
In base 14, what is -39a - 0?
-39a
In base 11, what is -56 + 46?
-10
In base 9, what is 3 + -1123?
-1120
In base 14, what is -47b - 2?
-47d
In base 3, what is 2 - 210212?
-210210
In base 16, what is -b4 - -1?
-b3
In base 4, what is 22332 + -10?
22322
In base 11, what is -5 - 5428?
-5432
In base 7, what is -32 - 11?
-43
In base 14, what is -1 + 21c?
21b
In base 2, what is 101 + 110001110?
110010011
In base 8, what is 11574 - -2?
11576
In base 13, what is -5a - -18?
-42
In base 5, what is -13000 + 4?
-12441
In base 14, what is -1c0 + 1?
-1bd
In base 11, what is a41 - -5?
a46
In base 9, what is -38 - 26?
-65
In base 12, what is 862 + -6?
858
In base 3, what is 2 - 20011102?
-20011100
In base 16, what is 3dc + -4?
3d8
In base 11, what is 3 + 0?
3
In base 3, what is -12100 + 11?
-12012
In base 15, what is 9 - -b?
15
In base 11, what is 1 + a6?
a7
In base 11, what is -4 + -34?
-38
In base 2, what is -1011 - -1100111?
1011100
In base 16, what is 7 + 8?
f
In base 2, what is -10111000 + -10000?
-11001000
In base 16, what is 76 - 8?
6e
In base 5, what is -120 - 22?
-142
In base 6, what is 0 + 53?
53
In base 6, what is 23 + 30?
53
In base 4, what is -10132021 + -1?
-10132022
In base 13, what is -5534 - 5?
-5539
In base 12, what is -76a + -4?
-772
In base 9, what is 47237 - 0?
47237
In base 2, what is 101 + -101000?
-100011
In base 8, what is -73 - -5?
-66
In base 12, what is -1 + -85?
-86
In base 8, what is -1210 + -2?
-1212
In base 14, what is -6 + 1?
-5
In base 15, what is 0 + -a0c?
-a0c
In base 11, what is 542 - 34?
509
In base 11, what is 2a27 - 0?
2a27
In base 15, what is 1052 + 0?
1052
In base 11, what is 0 - 67?
-67
In base 2, what is -1011100010001 - -100?
-1011100001101
In base 9, what is -6 - -2?
-4
In base 13, what is -1 + 32?
31
In base 9, what is -5 + 584?
578
In base 7, what is -6 + -23?
-32
In base 12, what is -b16 - 3?
-b19
In base 8, what is -270 - 2?
-272
In base 4, what is -22 - -23222?
23200
In base 14, what is 7 - 3d8?
-3d1
In base 11, what is -12 + a?
-3
In base 9, what is -3 + 33?
30
In base 9, what is 57 + -4?
53
In base 3, what is -2020202 + -10?
-2020212
In base 3, what is -12 - -12122?
12110
In base 7, what is -4501 + 1?
-4500
In base 8, what is 2353 + 10?
2363
In base 12, what is 1 + -50?
-4b
In base 14, what is 15 + 36?
4b
In base 9, what is 160 - 17?
142
In base 12, what is -b + 5?
-6
In base 10, what is -22 - 24?
-46
In base 9, what is 82813 - 3?
82810
In base 15, what is b - 23d?
-232
In base 15, what is 3 + 11b7?
11ba
In base 14, what is 9 - -bd?
c8
In base 15, what is -69 - 1?
-6a
In base 5, what is -2 + -210?
-212
In base 7, what is -3 + -23?
-26
In base 4, what is 1331 + 1112?
3103
In base 15, what is -22a + -4?
-22e
In base 11, what is 1 + -8?
-7
In base 10, what is 153 - -1?
154
In base 12, what is -2a0 - 14?
-2b4
In base 6, what is 31 - 11?
20
In base 9, what is 1 + 142?
143
In base 9, what is 5 - -226?
232
In base 16, what is -3eb7 + 4?
-3eb3
In base 4, what is 231 - 11?
220
In base 6, what is -2002 + -5?
-2011
In base 12, what is -3 - a?
-11
In base 7, what is -5 - -45?
40
In base 14, what is -870a + -2?
-870c
In base 8, what is 2 + 6053?
6055
In base 13, what is -4 + -136?
-13a
In base 5, what is 0 - -103414?
103414
In base 8, what is -5 + -364?
-371
In base 5, what is 324 + 2?
331
In base 4, what is 1113 + 12?
1131
In base 3, what is -1000 - 2?
-1002
In base 9, what is -5 - -22?
16
In base 3, what is 121 - -2021?
2212
In base 13, what is -2a + 11?
-19
In base 10, what is 59 + 19?
78
In base 15, what is e + 364?
373
In base 13, what is b9 - 26?
93
In base 8, what is 247 - 12?
235
In base 9, what is -144 + -23?
-167
In base 11, what is -1 - 2?
-3
In base 6, what is 355 - 2?
353
In base 2, what is 111000000 - -1?
111000001
In base 2, what is 0 - -1?
1
In base 3, what is -12 + 10211022?
10211010
In base 12, what is -26 + -6?
-30
In base 14, what is -233 + 5?
-22c
In base 2, what is -1100 - -1011011?
1001111
In base 4, what is -10021 - -1230?
-2131
In base 14, what is -5 + 22?
1b
In base 14, what is -5 + -48?
-4d
In base 3, what is -112202 + -2?
-112211
In base 8, what is -1 + 606?
605
In base 7, what is -334 + 0?
-334
In base 15, what is c2 - -2?
c4
In base 11, what is 5 - 1674?
-166a
In base 9, what is 0 + 235?
235
In base 6, what is 355 + 32?
431
In base 3, what is 121 - -110?
1001
In base 10, what is 26 - -109?
135
In base 11, what is -54 + 28?
-27
In base 2, what is 1110111110 + 1?
1110111111
In base 11, what is -33 + -268?
-2a0
In base 4, what is -1230 + -11?
-1301
In base 14, what is 1c8 + -9?
1bd
In base 11, what is 0 + 129?
129
In base 6, what is -1300 + 2?
-1254
In base 2, what is 1010101011100 - -101?
1010101100001
In base 4, what is -3331 + 13?
-3312
In base 7, what is 230 - -162?
422
In base 12, what is 71 - 2?
6b
In base 13, what is -2a9 + -5?
-2b1
In base 11, what is -2 + 145?
143
In base 12, what is -3 - -3a9?
3a6
In base 8, what is -5451 - 5?
-5456
In base 7, what is -11 - -32?
21
In base 4, what is 21032 + -1?
21031
In base 15, what is -9 - 0?
-9
In base 4, what is 111 - -30?
201
In 